472671
-102201000220020 (base 3) to base 4
-113232223002
Convert 4225c0 (base 15) to base 16.
300435
What is -1064545 (base 8) in base 7?
-2312634
What is -133222 (base 7) in base 11?
-17997
166312630 (base 7) to base 3
210120112002101
Convert 28a819 (base 11) to base 6.
13415400
122001 (base 10) to base 15
26236
Convert -454266 (base 7) to base 14.
-215dd
What is -111231223 (base 4) in base 11?
-60904
Convert 1042012134 (base 5) to base 14.
43b562
-3650617 (base 8) to base 15
-14c6ce
Convert -47c5b5 (base 14) to base 5.
-1112014100
Convert 22125542 (base 6) to base 13.
1a37c5
-46852 (base 9) to base 6
-400545
-967996 (base 13) to base 2
-1101011101110100101010
What is -321231304 (base 5) in base 11?
-843923
Convert -1413a75 (base 12) to base 13.
-aa4863
What is -1099984 (base 11) in base 4?
-13103321022
What is 16365433 (base 7) in base 13?
43b6c7
Convert -32113121 (base 5) to base 6.
-5441002
Convert 150406 (base 7) to base 10.
29014
Convert -402132 (base 5) to base 14.
-493a
Convert -4d83d0 (base 14) to base 15.
-37c1d6
126010 (base 9) to base 16
12b0a
What is -10224506 (base 7) in base 4?
-3102311132
-1588dc (base 16) to base 15
-1cd262
What is 1765732 (base 8) in base 12?
21050a
What is 3114240 (base 6) in base 5?
14300000
What is 1286b6 (base 16) in base 7?
13214515
Convert -56ab9 (base 15) to base 9.
-460283
Convert 26588 (base 13) to base 10.
71261
What is -49c77 (base 16) in base 2?
-1001001110001110111
470a5 (base 14) to base 16
2a3d9
What is 476c2 (base 14) in base 15?
36948
What is 1010110010010010100001 (base 2) in base 9?
5278443
Convert -156454 (base 11) to base 7.
-2030554
Convert 200201332013 (base 4) to base 3.
121001020212122
What is -20521533 (base 6) in base 9?
-1116413
What is 2220010221002 (base 3) in base 5?
343210023
-466b15 (base 13) to base 8
-6300655
Convert -1203333112 (base 4) to base 5.
-101101213
Convert 160403 (base 9) to base 5.
11124432
Convert 13c03e4 (base 15) to base 14.
1c79079
What is 10511122 (base 7) in base 13?
25b4ba
What is -74267 (base 8) in base 13?
-110b2
What is 40140034 (base 5) in base 3?
121011102010
What is 2334304033 (base 5) in base 13?
1167037
What is -12100211101020 (base 3) in base 16?
-2b7f6a
Convert 252960 (base 14) to base 10.
1275064
What is -34223113 (base 5) in base 7?
-2406403
What is 192254 (base 10) in base 14?
500c6
What is -c8873 (base 16) in base 7?
-6660434
Convert -431132231 (base 6) to base 9.
-15288641
What is -a3033 (base 15) in base 6?
-15022503
What is -61735 (base 10) in base 14?
-186d9
Convert -42443120 (base 5) to base 14.
-94c64
What is -2111011101 (base 4) in base 10?
-610641
What is 119974 (base 12) in base 8?
1057450
Convert 3141000424 (base 5) to base 14.
c33463
32842a (base 16) to base 15
455dde
Convert -433321212 (base 6) to base 10.
-7724456
110202111010012 (base 3) to base 11
3911335
-2212113130 (base 4) to base 10
-681436
Convert -814a (base 16) to base 15.
-9c18
What is 111012102010 (base 3) in base 13?
91356
What is 346521 (base 8) in base 15?
24ed2
-25479 (base 14) to base 13
-32811
Convert 3293a (base 11) to base 4.
23221211
What is 120330213230 (base 4) in base 10?
6539756
Convert 650202 (base 9) to base 16.
5e8bf
What is -111313101 (base 4) in base 16?
-15dd1
Convert a84766 (base 11) to base 3.
10021002102211
Convert -10010010111000100010 (base 2) to base 4.
-2102320202
Convert -a80205 (base 11) to base 9.
-3223182
-33171052 (base 8) to base 13
-162caa9
What is -332b96 (base 12) in base 15?
-111223
What is -100000110011001000 (base 2) in base 15?
-29c14
-561645 (base 8) to base 4
-232032211
-216595 (base 13) to base 2
-10111111101110010000
Convert -12020210002 (base 3) to base 10.
-103358
-376303 (base 11) to base 13
-17a499
-238aa3 (base 11) to base 13
-103088
Convert 100100011010111001010101 (base 2) to base 9.
18861445
-7675177 (base 8) to base 11
-1189a42
Convert 15314705 (base 8) to base 16.
3599c5
-530625 (base 7) to base 13
-32895
What is 11300334 (base 5) in base 12?
4b897
Convert 130202233201 (base 4) to base 11.
4250655
Convert -20000122101 (base 3) to base 13.
-41c77
What is 211074 (base 8) in base 10?
70204
What is 9840c5 (base 16) in base 6?
553510405
Convert -213542 (base 12) to base 2.
-10000000000001000010
Convert -83786 (base 12) to base 7.
-1314663
Convert 1005a8 (base 12) to base 6.
5203532
16361102 (base 8) to base 9
7121601
Convert -16138 (base 9) to base 11.
-8337
2123000443 (base 5) to base 11
25a4011
What is 2366140 (base 12) in base 6?
402520520
Convert 868281 (base 9) to base 13.
151909
Convert 37554 (base 8) to base 12.
9490
What is 216203151 (base 7) in base 15?
123997c
What is 3a29aa (base 13) in base 4?
11113021220
Convert -2311864 (base 10) to base 5.
-1042434424
What is 2b762 (base 12) in base 5?
3432222
20622246 (base 8) to base 14
82786a
What is 2547474 (base 8) in base 16?
acf3c
-12043344 (base 5) to base 11
-77456
-37739 (base 10) to base 12
-19a0b
Convert -13023023103 (base 4) to base 8.
-7131323
What is -89fd5 (base 16) in base 4?
-2021333111
What is -9242e8 (base 15) in base 16?
-6a0ba1
-25dd0 (base 14) to base 11
-640a2
What is -1aa863 (base 12) in base 10?
-474699
Convert -4405120 (base 6) to base 10.
-218856
Convert 186126 (base 13) to base 11.
389752
What is 43453451 (base 7) in base 13?
a068b6
Convert 80a007 (base 13) to base 14.
57c6d3
13010321223 (base 5) to base 12
531986a
Convert 2420780 (base 12) to base 5.
3243303442
-22100821 (base 9) to base 10
-10688536
Convert 1365102 (base 8) to base 13.
1075a3
Convert 26514533 (base 8) to base 15.
7c43d4
-201002200020 (base 3) to base 13
-102156
-17611463 (base 8) to base 15
-569bdd
Convert -4155486 (base 10) to base 13.
-b2658a
What is 212112100111 (base 3) in base 11?
296a95
What is -111100000110101 (base 2) in base 13?
-11012
1120200131 (base 5) to base 14
49352b
-30782008 (base 9) to base 14
-1d796c4
What is -17304 (base 11) in base 2?
-101111100000101
100011010010011000 (base 2) to base 8
432230
Convert 12649e (base 16) to base 11.
753704
1ed7d (base 15) to base 2
11000101000110110
Convert -4173488 (base 9) to base 8.
-10411763
Convert -ac1d6 (base 16) to base 4.
-2230013112
-7877972 (base 10) to base 12
-277b018
What is -21000131 (base 4) in base 14?
-d633
What is -aac274 (base 13) in base 7?
-46133451
What is -251432122 (base 6) in base 2?
-10010011101111001010010
Convert -4565457 (base 9) to base 16.
-259a8c
-2893440 (base 10) to base 11
-16a6980
What is -4746335 (base 9) in base 16?
-273710
Convert 545377 (base 12) to base 14.
26ad99
-1000111111001001 (base 2) to base 5
-2134214
Convert -13041334344 (base 5) to base 11.
-90147a3
Convert 2543108 (base 9) to base 14.
2814a3
What is -1933554 (base 10) in base 14?
-384910
-2244134 (base 10) to base 15
-2e4dde
What is 1049623 (base 10) in base 2?
100000000010000010111
What is 5a69b0 (base 13) in base 6?
114121425
22560770 (base 8) to base 10
4907512
10572b (base 13) to base 10
383498
-4004231 (base 5) to base 13
-22923
Convert 1000101101010110011 (base 2) to base 3.
112111110000
What is -10000111110011100001 (base 2) in base 16?
-87ce1
Convert 36015632 (base 7) to base 12.
10949b8
What is -394832 (base 10) in base 16?
-60650
-1056017 (base 11) to base 12
-754256
Convert -116313 (base 9) to base 3.
-10120100110
Convert -132221104 (base 6) to base 15.
-36e8e1
Convert 1140014202 (base 5) to base 12.
a81a43
What is -23014041 (base 5) in base 12?
-9a267
What is 1521 (base 13) in base 5?
44234
2764820 (base 11) to base 3
22222001212010
210112002210 (base 3) to base 10
423624
8b4d97 (base 14) to base 10
4738825
What is 11323132220 (base 4) in base 11?
971890
11111323312 (base 4) to base 10
1400566
-120212000212100 (base 3) to base 16
-808dfa
-101111021221221 (base 3) to base 6
-315303124
What is 435633 (base 8) in base 5?
14140311
Convert -1010110110101110111 (base 2) to base 16.
-56d77
Convert -1628437 (base 9) to base 12.
-377907
Convert -4040a (base 13) to base 3.
-12211122200
-1071778 (base 10) to base 14
-1dc838
What is 235445 (base 12) in base 11?
359671
-62df8 (base 16) to base 12
-176448
Convert -1165b1 (base 15) to base 7.
-10032214
Convert -1055422 (base 6) to base 2.
-1101010001100110
What is 310032001 (base 4) in base 13?
76480
What is 553414 (base 7) in base 10?
97276
Convert 1783268 (base 9) to 